red millions digit of 140732443?
1
What is the hundred millions digit of 127828728?
1
What is the tens digit of 1823998110?
1
What is the billions digit of 2755320180?
2
What is the thousands digit of 1409451395?
1
What is the hundreds digit of 1188236192?
1
What is the thousands digit of 26434818?
4
What is the thousands digit of 287822677?
2
What is the hundreds digit of 4365401693?
6
What is the millions digit of 1125721710?
5
What is the thousands digit of 1026495693?
5
What is the thousands digit of 724991?
4
What is the millions digit of 516372078?
6
What is the tens digit of 45329901?
0
What is the tens digit of 408419975?
7
What is the hundreds digit of 1627739386?
3
What is the ten thousands digit of 74702138?
0
What is the thousands digit of 3851353901?
3
What is the hundred thousands digit of 59903107?
9
What is the thousands digit of 39333284?
3
What is the millions digit of 57091501?
7
What is the units digit of 21356719?
9
What is the ten thousands digit of 42851829?
5
What is the ten millions digit of 1143803440?
4
What is the thousands digit of 183243156?
3
What is the billions digit of 4724939146?
4
What is the tens digit of 16681768?
6
What is the millions digit of 363482319?
3
What is the thousands digit of 56105842?
5
What is the tens digit of 33219398?
9
What is the hundred thousands digit of 915762945?
7
What is the hundreds digit of 24947604?
6
What is the hundred millions digit of 352714450?
3
What is the ten thousands digit of 239094974?
9
What is the ten thousands digit of 46928309?
2
What is the units digit of 9829436?
6
What is the thousands digit of 179881140?
1
What is the hundred thousands digit of 82844401?
8
What is the thousands digit of 49939556?
9
What is the hundreds digit of 63336865?
8
What is the thousands digit of 360699741?
9
What is the units digit of 142430655?
5
What is the tens digit of 66010314?
1
What is the tens digit of 4717390988?
8
What is the units digit of 982699121?
1
What is the billions digit of 4447152172?
4
What is the thousands digit of 636662719?
2
What is the ten millions digit of 714904546?
1
What is the hundreds digit of 52059260?
2
What is the hundred thousands digit of 776821647?
8
What is the hundreds digit of 4410954?
9
What is the units digit of 23930220?
0
What is the units digit of 1376368483?
3
What is the ten thousands digit of 109042644?
4
What is the ten thousands digit of 281137220?
3
What is the hundreds digit of 495102535?
5
What is the ten thousands digit of 23881011?
8
What is the units digit of 37227980?
0
What is the ten millions digit of 389860828?
8
What is the hundred thousands digit of 191695750?
6
What is the ten millions digit of 972253273?
7
What is the ten thousands digit of 20004710?
0
What is the millions digit of 24273520?
4
What is the ten millions digit of 489221931?
8
What is the hundred millions digit of 384456574?
3
What is the hundred millions digit of 4044239806?
0
What is the millions digit of 1313990004?
3
What is the hundred thousands digit of 517868581?
8
What is the hundred thousands digit of 83681722?
6
What is the units digit of 104214650?
0
What is the tens digit of 513313615?
1
What is the tens digit of 208479621?
2
What is the hundred millions digit of 1462782456?
4
What is the units digit of 2956880684?
4
What is the thousands digit of 34829687?
9
What is the ten millions digit of 701498132?
0
What is the hundred thousands digit of 253331966?
3
What is the hundred thousands digit of 162910790?
9
What is the hundreds digit of 4518381749?
7
What is the hundred millions digit of 320828622?
3
What is the units digit of 116843838?
8
What is the hundred thousands digit of 306916349?
9
What is the thousands digit of 1313569225?
9
What is the hundreds digit of 5037992929?
9
What is the millions digit of 51615976?
1
What is the hundreds digit of 1956302106?
1
What is the hundred millions digit of 2471434567?
4
What is the tens digit of 19998422?
2
What is the hundred thousands digit of 166836373?
8
What is the units digit of 4377950637?
7
What is the thousands digit of 948431589?
1
What is the thousands digit of 918090951?
0
What is the tens digit of 114319515?
1
What is the hundred millions digit of 1033087078?
0
What is the ten millions digit of 49988782?
4
What is the hundred millions digit of 121509368?
1
What is the hundred thousands digit of 4095938424?
9
What is the hundred thousands digit of 6046511387?
5
What is the tens digit of 4303019850?
5
What is the billions digit of 1453474164?
1
What is the units digit of 310328659?
9
What is the hundreds digit of 608691330?
3
What is the ten millions digit of 1406229116?
0
What is the units digit of 659063918?
8
What is the billions digit of 2677165178?
2
What is the hundreds digit of 119008509?
5
What is the hundred thousands digit of 488912178?
9
What is the hundred thousands digit of 17026044?
0
What is the hundreds digit of 6157502416?
4
What is the tens digit of 2879194552?
5
What is the hundred thousands digit of 49348212?
3
What is the ten thousands digit of 5784329908?
2
What is the ten thousands digit of 37993207?
9
What is the units digit of 36539683?
3
What is the hundred millions digit of 198702044?
1
What is the hundreds digit of 96582056?
0
What is the ten thousands digit of 55495344?
9
What is the hundreds digit of 158247564?
5
What is the units digit of 62714739?
9
What is the millions digit of 974061386?
4
What is the ten thousands digit of 643369605?
6
What is the units digit of 350831050?
0
What is the billions digit of 1932596222?
1
What is the hundreds digit of 56470522?
5
What is the millions digit of 51619587?
1
What is the tens digit of 4768866746?
4
What is the hundreds digit of 407282793?
7
What is the thousands digit of 2492423565?
3
What is the hundred millions digit of 1130091190?
1
What is the thousands digit of 55208282?
8
What is the units digit of 2924869287?
7
What is the units digit of 3722280253?
3
What is the tens digit of 44374770?
7
What is the hundred thousands digit of 2845104233?
1
What is the hundreds digit of 1862033933?
9
What is the hundred thousands digit of 356576991?
5
What is the ten thousands digit of 139530775?
3
What is the ten thousands digit of 31384682?
8
What is the units digit of 108039961?
1
What is the millions digit of 201060374?
1
What is the hundred thousands digit of 835082577?
0
What is the millions digit of 162866860?
2
What is the tens digit of 303607826?
2
What is the ten thousands digit of 162445491?
4
What is the hundred thousands digit of 12705534?
7
What is the units digit of 87693373?
3
What is the ten millions digit of 712363908?
1
What is the ten millions digit of 23596306?
2
What is the tens digit of 40547540?
4
What is the millions digit of 1427210629?
7
What is the tens digit of 3242796123?
2
What is the hundreds digit of 1119747589?
5
What is the ten thousands digit of 590585962?
8
What is the hundred thousands digit of 536416802?
4
What is the tens digit of 316868146?
4
What is the millions digit of 722450852?
2
What is the tens digit of 28661841?
4
What is the hundred thousands digit of 91679022?
6
What is the hundreds digit of 43955509?
5
What is the hundred thousands digit of 35944605?
9
What is the thousands digit of 176509657?
9
What is the hundred millions digit of 7172994240?
1
What is the ten millions digit of 242072251?
4
What is the millions digit of 52064911?
2
What is the hundred thousands digit of 497892786?
8
What is the ten millions digit of 37831519?
3
What is the millions digit of 51464686?
1
What is the units digit of 20514437?
7
What is the thousands digit of 35650497?
0
What is the ten millions digit of 1883935422?
8
What is the millions digit of 16569349?
6
What is the millions digit of 820545778?
0
What is the ten thousands digit of 2649044161?
4
What is the units digit of 1303150500?
0
What is the tens digit of 433461795?
9
What is the hundreds digit of 227786471?
4
What is the hundred thousands digit of 78094822?
0
What is the hundreds digit of 92955692?
6
What is the ten thousands digit of 4076970898?
7
What is the units digit of 240978789?
9
What is the ten millions digit of 2310137569?
1
What is the hundred millions digit of 318782352?
3
What is the thousands digit of 365089012?
9
W